be r(0). Suppose g = -2*h + 4*h - 5*n, -4*h + 51 = -5*n. What is the units digit of h?
9
Suppose u = -0*u + 3. Suppose j + 0*j + 4*z = 1, -u*j + 71 = -5*z. Suppose 2*y + y = -5*t + j, 5*y = -3*t + 23. What is the units digit of y?
4
What is the units digit of (-446)/(-30) + 4/30?
5
Suppose b + 4*z = 63, 4*b - 2*z - 186 = 12. What is the tens digit of b?
5
Let c = -13 + 15. Suppose 3*k = 2*l - 32, -3*l - c*k + 42 = -l. What is the tens digit of l?
1
Let r = 11 - 8. What is the units digit of r?
3
Let p(t) = 3*t - 3. What is the units digit of p(7)?
8
Suppose -2*n + 3*i + 131 = 0, 3*n - 107 - 97 = 3*i. Suppose 0 = 3*q - c - n, -3*q + 4*c + 18 + 49 = 0. What is the tens digit of q?
2
Suppose -3*y + 3*t + 27 = 0, -5 = 3*t - 2*t. Suppose r - 42 = c - 3*c, 4*c = -y. Suppose -r = -4*g - 0*g. What is the tens digit of g?
1
What is the units digit of -1*4 + (-2 - -36)?
0
Let p(y) = y**2 - y - 8. Let v be p(0). Let g(b) = -b + 8. What is the tens digit of g(v)?
1
Suppose 0 = -6*d + 3*d + 24. Let z = 2 - -20. Suppose d = 5*f - z. What is the units digit of f?
6
Suppose -4*t - 4*y + 4 = 0, -4*t - 5*y + 2 = 1. Suppose 11 = j - t. Suppose s + 2*s = j. What is the units digit of s?
5
Let h(v) = -2*v + 2. Let f be h(-7). Suppose -3*l - f = l, -8 = 4*x + 4*l. What is the units digit of x?
2
Suppose 0 = 4*s - 2*f - 22, -5 = -0*f - f. What is the units digit of s?
8
Let a(u) = -2*u**3 + 163*u - 147*u - 3 + 3*u**3 - 11*u**2 - 9. What is the units digit of a(10)?
8
Let l = -115 - -79. Let h = 68 + l. What is the units digit of h?
2
Let o(j) = -5*j + 1. Let a be 3*(1 + -5 + 3). Let i be o(a). What is the units digit of ((-8)/i)/(1/(-4))?
2
Suppose 0 = 2*l - 4*v - 310, l - 4*v + 14 = 159. What is the units digit of l?
5
Suppose -2091 = -4*v - 4*i - 515, -3*i = -2*v + 783. What is the hundreds digit of v?
3
Let l = 7 + -5. Suppose p - l = 2. What is the units digit of (3/(-6))/((-1)/p)?
2
Suppose -9*u - 20 = -200. What is the tens digit of u?
2
Let v(m) = m + 1. Let x(j) = -j - 16. Let u(q) = -4*v(q) - x(q). What is the units digit of u(-9)?
9
Suppose 15*v + 418 = 1813. What is the units digit of v?
3
What is the units digit of (-296)/(-2)*1/1?
8
Suppose -5*m - 4*n + 145 + 494 = 0, -3*m - 5*n = -373. What is the hundreds digit of m?
1
Suppose -j - 3*l = -5*j + 246, j - 3*l - 66 = 0. Suppose n + j = 4*n. Suppose -n = 2*w - 62. What is the tens digit of w?
2
Suppose -2*m - 3*n = 11, 5 = -4*m + 2*m + 3*n. Let g be (-12)/(-16) + (-353)/m. What is the units digit of 16/56 - g/(-7)?
3
What is the tens digit of (9/12)/(3/324)?
8
Suppose 0 = -5*i + 25, -5*p + 5*i - 26 = 119. What is the units digit of 1/(-2) + (-900)/p?
7
Let v(x) = -11*x - 6. Let q be v(-3). Suppose -q - 67 = -2*g. What is the units digit of g?
7
Let p = 103 - 86. Suppose 5*r - u + 5 = 4*u, -5*u + 32 = 4*r. Suppose r*v = 10 + p. What is the units digit of v?
9
Suppose 5*s = 2*h + 203, 2*s - 120 = -s + 3*h. What is the units digit of s?
1
Let b be (-4)/(-16) - (-5)/(-20). Suppose -r + b = -8. What is the units digit of r?
8
What is the tens digit of (-1 - -6) + 104 + 5?
1
Let w(a) = -a + 2*a**3 - 3*a**2 - 2*a - 3*a**3. Let q be -4 + 1*(-2)/(-2). What is the units digit of w(q)?
9
Suppose -d + c - 2*c + 1 = 0, -5*d + 5 = 3*c. Let k(f) = f - 14. Let l be k(8). What is the units digit of 6/d + (-8 - l)?
4
Let s = -15 - -13. What is the units digit of -2 + 12/(5 + s)?
2
Suppose -h + 20 = 3*j, 4*j - 35 = -3*h + 5. What is the units digit of h/(-28) + 200/14?
4
Suppose -4*c + j = 6 - 2, 0 = 2*c + 4*j + 2. What is the units digit of 30/(-10)*c/3?
1
Let m(t) = t**2 + t + 8. What is the units digit of m(-4)?
0
Suppose -4*x = -3*z + 468, 2*z + 3*x - 298 = 14. What is the tens digit of z?
5
Suppose -h + 3*h = 6. Let l(f) = 3 + 22*f - 4 + f**2 - 24*f. What is the units digit of l(h)?
2
Let i(m) = 12 - m + 0 - 4. Let t be i(6). Suppose -4*l = t*a - 22, 0 = a + l - 4 - 3. What is the units digit of a?
3
Let g = -4 + 7. Suppose 3*y - 5*m = -9, -2*m + 16 = g*y + 4. Suppose -4*c = 4*w - 28, 0*w + y*w - 18 = -c. What is the units digit of w?
1
Let s(c) = -1 + 2*c + 11 - 4*c. Let o be s(-12). What is the units digit of (-3)/(-4) + o/8?
5
Suppose -o - 2*d + 19 = 0, 3*d - 37 = -2*o - 4. Let h = 17 - o. What is the units digit of h?
8
Let s(k) = -33*k**3 + 7*k**2 + 8*k - 2. What is the tens digit of s(-2)?
7
Let t = 6 - 6. Suppose -2*s + 28 = -t*s. What is the tens digit of s?
1
Suppose -3*g + 8*g = 3*x + 46, -5*g + 30 = 5*x. What is the units digit of g?
8
Let u = 17 - 2. What is the units digit of u?
5
Suppose -5*c = 4*h - 28, 4*h - 4*c - 77 + 13 = 0. Let k be 15/h + 1/(-4). Suppose -3*b = -4 + k. What is the units digit of b?
1
Let n(j) = -j**3 + 9*j**2 - 5*j - 3. Let k be n(4). Let s = k - 29. What is the units digit of s?
8
What is the units digit of ((-28)/6)/(42/(-441))?
9
Let n(v) = v**3 - 3*v**2 + 4. Suppose 5*s + 3*g - 22 = 0, s + 0 - 2 = -3*g. Suppose -u + s - 2 = 0. What is the units digit of n(u)?
4
Suppose 4*b - 3*n + 4 = n, b = 5*n - 1. Let z be 2*(1 + 0/b). Suppose 15 = 3*y + z*y. What is the units digit of y?
3
Let j be (-4)/3*36/(-8). Let d be (-3)/j*(-4)/1. Suppose 23 + d = 5*q. What is the units digit of q?
5
What is the units digit of (-134)/(-8) + (-7)/(-28)?
7
Let f = -25 + 64. What is the units digit of f?
9
Let p = -2 - -10. Let v = 11 - p. Suppose -v*a + 39 = 3*d, 0 = -5*d + 4*d + 5*a - 11. What is the units digit of d?
9
Let u(m) = -m**2 + 13*m - 10. Let l be u(12). What is the tens digit of l/(-4) - (-85)/2?
4
What is the units digit of 12 + (-2 - 1 - 0)?
9
Suppose -4*d = 0, -4*b + 12 + 88 = 4*d. What is the tens digit of b?
2
Let y be 1 + -2 + -22 - -2. Let g be (-6)/y + 4/(-14). Suppose g = -k + 10 - 1. What is the units digit of k?
9
Let y(j) be the second derivative of j**3/6 - 7*j**2/2 + j. What is the units digit of y(10)?
3
Let f(l) = 38*l**2 + 2*l - 1. What is the units digit of f(1)?
9
What is the units digit of (3 - 30/5)*-5?
5
What is the tens digit of (5 + -4 + 0)/(3/201)?
6
Suppose -9*j = -6*j - 87. What is the units digit of j?
9
Let y = 1 - -51. What is the units digit of y?
2
Let k(s) = s**2 + 8*s + 2. Let d be k(-8). Suppose d*f - 4*f + 88 = 0. What is the units digit of f?
4
Suppose 2*f - 300 = -2*g, 4*f + g - 643 = -28. What is the hundreds digit of f?
1
Let l be (-1)/5 - 364/(-20). Let h(g) = -26*g - 1. Let p be h(-1). Let s = p - l. What is the units digit of s?
7
Suppose -w - 8 = w, b + 3*w = -13. What is the units digit of b + 2 + -1 + 16?
6
Suppose 2*t = -2*r + 528, t = -2*t + 9. What is the units digit of r?
1
Let a be (2/3)/((-4)/(-6)). Let r be 6 + 4/(-1 - a). Suppose -4*i - 4*k + 40 = i, -r*i + 32 = k. What is the units digit of i?
8
Let m be (4/2)/(-1) + 9. Suppose 33 = m*n - 4*n. What is the units digit of n?
1
Suppose 5*d + 11*c - 30 = 6*c, -4*c = -12. Suppose d*b + 156 = -6*h + 2*h, -h - 5*b = 39. What is the units digit of h/(-9) - 4/(-6)?
5
Let a(x) = x**3 - 6*x**2 + 6*x + 1. Let j(f) = -2*f**2 + 2*f - 3. Let c be j(2). Let z(d) = -d - 2. Let m be z(c). What is the units digit of a(m)?
6
Let w = 8 + -6. Suppose 3*j - 11 = -w. Suppose 3 = j*y - 2*y. What is the units digit of y?
3
Let r = 95 + -87. What is the units digit of r?
8
Let w be 2*3/12*2. Let s = -3 + w. What is the units digit of 2/2*s - -15?
3
Let x(i) = i**2 + 5*i + 1. Suppose -12*w = -7*w + 25. What is the units digit of x(w)?
1
Let q(j) = 5*j**2 + 4*j - 4. Let f(z) = -4*z**2 - 4*z + 3. Let w(b) = 6*f(b) + 5*q(b). Suppose -m = -6*m + 25. What is the units digit of w(m)?
3
Let c = 41 - -42. What is the tens digit of c?
8
Let i = 2 + 3. Suppose 0 = -i*m + 5*b - 10, -3*b - 1 + 9 = -2*m. What is the units digit of m?
2
Suppose -2*t + 17 = -4*t - 5*m, -5*m - 33 = -2*t. Suppose 0 = 2*y - 2 + 4, -4*i = t*y - 188. What is the units digit of i?
8
Let z(n) = -n**3 - 5*n**2 + 4*n - 5. Let w be (-5)/(1/(-4) - 0). Let i = 14 - w. What is the units digit of z(i)?
7
Let o(c) = -2*c - 1. Let u be o(-2). Suppose 4*x - 10 = 3*h, h - x - x = -6. Suppose 0 = -h*y + 4*v + 4, -8 = -u*y - 4*v - 2. What is the units digit of y?
2
Let a be (3/(-3))/((-1)/(-1)). Let q = 10 - a. Let j(m) = m**3 - 12*m**2 + 12*m - 8. What is the units digit of j(q)?
3
Suppose -4*v + 57 + 23 = 0. What is the tens digit of v?
2
Suppose a - 3*j + 3